[INFO] fetching crate plotters-cairo 0.3.0...
[INFO] checking plotters-cairo-0.3.0 against master#af3c6e733a40e671550e0f0f5aeecaa13772ba56 for pr-74989
[INFO] extracting crate plotters-cairo 0.3.0 into /workspace/builds/worker-7/source
[INFO] validating manifest of crates.io crate plotters-cairo 0.3.0 on toolchain af3c6e733a40e671550e0f0f5aeecaa13772ba56
[INFO] running `Command { std: "/workspace/cargo-home/bin/cargo" "+af3c6e733a40e671550e0f0f5aeecaa13772ba56" "read-manifest" "--manifest-path" "Cargo.toml", kill_on_drop: false }`
[INFO] started tweaking crates.io crate plotters-cairo 0.3.0
[INFO] finished tweaking crates.io crate plotters-cairo 0.3.0
[INFO] tweaked toml for crates.io crate plotters-cairo 0.3.0 written to /workspace/builds/worker-7/source/Cargo.toml
[INFO] running `Command { std: "/workspace/cargo-home/bin/cargo" "+af3c6e733a40e671550e0f0f5aeecaa13772ba56" "generate-lockfile" "--manifest-path" "Cargo.toml" "-Zno-index-update", kill_on_drop: false }`
[INFO] running `Command { std: "/workspace/cargo-home/bin/cargo" "+af3c6e733a40e671550e0f0f5aeecaa13772ba56" "fetch" "--locked" "--manifest-path" "Cargo.toml", kill_on_drop: false }`
[INFO] running `Command { std: "docker" "create" "-v" "/var/lib/crater-agent-workspace/builds/worker-7/target:/opt/rustwide/target:rw,Z" "-v" "/var/lib/crater-agent-workspace/builds/worker-7/source:/opt/rustwide/workdir:ro,Z" "-v" "/var/lib/crater-agent-workspace/cargo-home:/opt/rustwide/cargo-home:ro,Z" "-v" "/var/lib/crater-agent-workspace/rustup-home:/opt/rustwide/rustup-home:ro,Z" "-e" "SOURCE_DIR=/opt/rustwide/workdir" "-e" "CARGO_TARGET_DIR=/opt/rustwide/target" "-e" "CARGO_HOME=/opt/rustwide/cargo-home" "-e" "RUSTUP_HOME=/opt/rustwide/rustup-home" "-w" "/opt/rustwide/workdir" "-m" "1610612736" "--user" "0:0" "--network" "none" "rustops/crates-build-env@sha256:d92eaeed33fa75130ca1ee6c8a01d1ffb62bac859dfdfb3450e3e5d1c0146529" "/opt/rustwide/cargo-home/bin/cargo" "+af3c6e733a40e671550e0f0f5aeecaa13772ba56" "metadata" "--no-deps" "--format-version=1", kill_on_drop: false }`
[INFO] [stderr] WARNING: Your kernel does not support swap limit capabilities or the cgroup is not mounted. Memory limited without swap.
[INFO] [stdout] 1809fb8175f63ad9ee5bf7701c040a3e82bd2a80d7ce890296248e86d4683c2e
[INFO] running `Command { std: "docker" "start" "-a" "1809fb8175f63ad9ee5bf7701c040a3e82bd2a80d7ce890296248e86d4683c2e", kill_on_drop: false }`
[INFO] running `Command { std: "docker" "inspect" "1809fb8175f63ad9ee5bf7701c040a3e82bd2a80d7ce890296248e86d4683c2e", kill_on_drop: false }`
[INFO] running `Command { std: "docker" "rm" "-f" "1809fb8175f63ad9ee5bf7701c040a3e82bd2a80d7ce890296248e86d4683c2e", kill_on_drop: false }`
[INFO] [stdout] 1809fb8175f63ad9ee5bf7701c040a3e82bd2a80d7ce890296248e86d4683c2e
[INFO] running `Command { std: "docker" "create" "-v" "/var/lib/crater-agent-workspace/builds/worker-7/target:/opt/rustwide/target:rw,Z" "-v" "/var/lib/crater-agent-workspace/builds/worker-7/source:/opt/rustwide/workdir:ro,Z" "-v" "/var/lib/crater-agent-workspace/cargo-home:/opt/rustwide/cargo-home:ro,Z" "-v" "/var/lib/crater-agent-workspace/rustup-home:/opt/rustwide/rustup-home:ro,Z" "-e" "SOURCE_DIR=/opt/rustwide/workdir" "-e" "CARGO_TARGET_DIR=/opt/rustwide/target" "-e" "CARGO_INCREMENTAL=0" "-e" "RUST_BACKTRACE=full" "-e" "RUSTFLAGS=--cap-lints=forbid" "-e" "CARGO_HOME=/opt/rustwide/cargo-home" "-e" "RUSTUP_HOME=/opt/rustwide/rustup-home" "-w" "/opt/rustwide/workdir" "-m" "1610612736" "--user" "0:0" "--network" "none" "rustops/crates-build-env@sha256:d92eaeed33fa75130ca1ee6c8a01d1ffb62bac859dfdfb3450e3e5d1c0146529" "/opt/rustwide/cargo-home/bin/cargo" "+af3c6e733a40e671550e0f0f5aeecaa13772ba56" "check" "--frozen" "--all" "--all-targets" "--message-format=json", kill_on_drop: false }`
[INFO] [stdout] 098c9c681624f5ef27f4851028ccbd2f8fc16c747240abb1bad01ff355700ed0
[INFO] [stderr] WARNING: Your kernel does not support swap limit capabilities or the cgroup is not mounted. Memory limited without swap.
[INFO] running `Command { std: "docker" "start" "-a" "098c9c681624f5ef27f4851028ccbd2f8fc16c747240abb1bad01ff355700ed0", kill_on_drop: false }`
[INFO] [stderr]    Compiling syn v1.0.40
[INFO] [stderr]    Compiling pin-project-internal v0.4.23
[INFO] [stderr]    Compiling proc-macro-nested v0.1.6
[INFO] [stderr]     Checking once_cell v1.4.1
[INFO] [stderr]    Compiling proc-macro-hack v0.5.18
[INFO] [stderr]     Checking futures-core v0.3.5
[INFO] [stderr]     Checking slab v0.4.2
[INFO] [stderr]     Checking pin-utils v0.1.0
[INFO] [stderr]    Compiling cairo-rs v0.8.1
[INFO] [stderr]     Checking plotters-backend v0.3.0
[INFO] [stderr]    Compiling glib-sys v0.9.1
[INFO] [stderr]    Compiling gobject-sys v0.9.1
[INFO] [stderr]    Compiling cairo-sys-rs v0.9.2
[INFO] [stderr]     Checking futures-channel v0.3.5
[INFO] [stderr]     Checking futures-task v0.3.5
[INFO] [stderr]    Compiling futures-macro v0.3.5
[INFO] [stderr]     Checking pin-project v0.4.23
[INFO] [stderr]     Checking futures-util v0.3.5
[INFO] [stderr]     Checking futures-executor v0.3.5
[INFO] [stderr]     Checking glib v0.9.3
[INFO] [stderr]     Checking plotters-cairo v0.3.0 (/opt/rustwide/workdir)
[INFO] [stdout] error[E0433]: failed to resolve: use of undeclared type or module `plotters`
[INFO] [stdout]    --> src/backend.rs:333:9
[INFO] [stdout]     |
[INFO] [stdout] 333 |     use plotters::prelude::*;
[INFO] [stdout]     |         ^^^^^^^^ use of undeclared type or module `plotters`
[INFO] [stdout] 
[INFO] [stdout] 
[INFO] [stdout] error[E0433]: failed to resolve: use of undeclared type or module `ChartBuilder`
[INFO] [stdout]    --> src/backend.rs:363:25
[INFO] [stdout]     |
[INFO] [stdout] 363 |         let mut chart = ChartBuilder::on(&root)
[INFO] [stdout]     |                         ^^^^^^^^^^^^ use of undeclared type or module `ChartBuilder`
[INFO] [stdout] 
[INFO] [stdout] 
[INFO] [stdout] error[E0433]: failed to resolve: use of undeclared type or module `ChartBuilder`
[INFO] [stdout]    --> src/backend.rs:405:25
[INFO] [stdout]     |
[INFO] [stdout] 405 |         let mut chart = ChartBuilder::on(&root)
[INFO] [stdout]     |                         ^^^^^^^^^^^^ use of undeclared type or module `ChartBuilder`
[INFO] [stdout] 
[INFO] [stdout] 
[INFO] [stdout] error[E0433]: failed to resolve: use of undeclared type or module `Circle`
[INFO] [stdout]    --> src/backend.rs:436:36
[INFO] [stdout]     |
[INFO] [stdout] 436 |                         root.draw(&Circle::new((x, y), 3, &BLACK.mix(0.5))).unwrap();
[INFO] [stdout]     |                                    ^^^^^^ use of undeclared type or module `Circle`
[INFO] [stdout] 
[INFO] [stdout] 
[INFO] [stdout] error[E0433]: failed to resolve: use of undeclared type or module `TextStyle`
[INFO] [stdout]    --> src/backend.rs:437:37
[INFO] [stdout]     |
[INFO] [stdout] 437 |                         let style = TextStyle::from(("sans-serif", 20).into_font())
[INFO] [stdout]     |                                     ^^^^^^^^^ use of undeclared type or module `TextStyle`
[INFO] [stdout] 
[INFO] [stdout] 
[INFO] [stdout] error[E0433]: failed to resolve: use of undeclared type or module `TextStyle`
[INFO] [stdout]    --> src/backend.rs:468:21
[INFO] [stdout]     |
[INFO] [stdout] 468 |         let style = TextStyle::from(("sans-serif", 20).into_font())
[INFO] [stdout]     |                     ^^^^^^^^^ use of undeclared type or module `TextStyle`
[INFO] [stdout] 
[INFO] [stdout] 
[INFO] [stdout] error[E0433]: failed to resolve: use of undeclared type or module `ChartBuilder`
[INFO] [stdout]    --> src/backend.rs:501:25
[INFO] [stdout]     |
[INFO] [stdout] 501 |         let mut chart = ChartBuilder::on(&root)
[INFO] [stdout]     |                         ^^^^^^^^^^^^ use of undeclared type or module `ChartBuilder`
[INFO] [stdout] 
[INFO] [stdout] 
[INFO] [stdout] error[E0433]: failed to resolve: use of undeclared type or module `Circle`
[INFO] [stdout]    --> src/backend.rs:515:42
[INFO] [stdout]     |
[INFO] [stdout] 515 |             .draw_series(std::iter::once(Circle::new((5, 15), 5, &RED)))
[INFO] [stdout]     |                                          ^^^^^^ use of undeclared type or module `Circle`
[INFO] [stdout] 
[INFO] [stdout] 
[INFO] [stdout] error[E0433]: failed to resolve: use of undeclared type or module `Circle`
[INFO] [stdout]    --> src/backend.rs:518:30
[INFO] [stdout]     |
[INFO] [stdout] 518 |             .legend(|(x, y)| Circle::new((x, y), 3, RED.filled()));
[INFO] [stdout]     |                              ^^^^^^ use of undeclared type or module `Circle`
[INFO] [stdout] 
[INFO] [stdout] 
[INFO] [stdout] error[E0433]: failed to resolve: use of undeclared type or module `Circle`
[INFO] [stdout]    --> src/backend.rs:521:42
[INFO] [stdout]     |
[INFO] [stdout] 521 |             .draw_series(std::iter::once(Circle::new((5, 15), 10, &BLUE)))
[INFO] [stdout]     |                                          ^^^^^^ use of undeclared type or module `Circle`
[INFO] [stdout] 
[INFO] [stdout] 
[INFO] [stdout] error[E0433]: failed to resolve: use of undeclared type or module `Circle`
[INFO] [stdout]    --> src/backend.rs:524:30
[INFO] [stdout]     |
[INFO] [stdout] 524 |             .legend(|(x, y)| Circle::new((x, y), 3, BLUE.filled()));
[INFO] [stdout]     |                              ^^^^^^ use of undeclared type or module `Circle`
[INFO] [stdout] 
[INFO] [stdout] 
[INFO] [stdout] error[E0433]: failed to resolve: use of undeclared type or module `SeriesLabelPosition`
[INFO] [stdout]    --> src/backend.rs:527:13
[INFO] [stdout]     |
[INFO] [stdout] 527 |             SeriesLabelPosition::UpperLeft,
[INFO] [stdout]     |             ^^^^^^^^^^^^^^^^^^^ use of undeclared type or module `SeriesLabelPosition`
[INFO] [stdout] 
[INFO] [stdout] 
[INFO] [stdout] error[E0433]: failed to resolve: use of undeclared type or module `SeriesLabelPosition`
[INFO] [stdout]    --> src/backend.rs:528:13
[INFO] [stdout]     |
[INFO] [stdout] 528 |             SeriesLabelPosition::MiddleLeft,
[INFO] [stdout]     |             ^^^^^^^^^^^^^^^^^^^ use of undeclared type or module `SeriesLabelPosition`
[INFO] [stdout] 
[INFO] [stdout] 
[INFO] [stdout] error[E0433]: failed to resolve: use of undeclared type or module `SeriesLabelPosition`
[INFO] [stdout]    --> src/backend.rs:529:13
[INFO] [stdout]     |
[INFO] [stdout] 529 |             SeriesLabelPosition::LowerLeft,
[INFO] [stdout]     |             ^^^^^^^^^^^^^^^^^^^ use of undeclared type or module `SeriesLabelPosition`
[INFO] [stdout] 
[INFO] [stdout] 
[INFO] [stdout] error[E0433]: failed to resolve: use of undeclared type or module `SeriesLabelPosition`
[INFO] [stdout]    --> src/backend.rs:530:13
[INFO] [stdout]     |
[INFO] [stdout] 530 |             SeriesLabelPosition::UpperMiddle,
[INFO] [stdout]     |             ^^^^^^^^^^^^^^^^^^^ use of undeclared type or module `SeriesLabelPosition`
[INFO] [stdout] 
[INFO] [stdout] 
[INFO] [stdout] error[E0433]: failed to resolve: use of undeclared type or module `SeriesLabelPosition`
[INFO] [stdout]    --> src/backend.rs:531:13
[INFO] [stdout]     |
[INFO] [stdout] 531 |             SeriesLabelPosition::MiddleMiddle,
[INFO] [stdout]     |             ^^^^^^^^^^^^^^^^^^^ use of undeclared type or module `SeriesLabelPosition`
[INFO] [stdout] 
[INFO] [stdout] 
[INFO] [stdout] error[E0433]: failed to resolve: use of undeclared type or module `SeriesLabelPosition`
[INFO] [stdout]    --> src/backend.rs:532:13
[INFO] [stdout]     |
[INFO] [stdout] 532 |             SeriesLabelPosition::LowerMiddle,
[INFO] [stdout]     |             ^^^^^^^^^^^^^^^^^^^ use of undeclared type or module `SeriesLabelPosition`
[INFO] [stdout] 
[INFO] [stdout] 
[INFO] [stdout] error[E0433]: failed to resolve: use of undeclared type or module `SeriesLabelPosition`
[INFO] [stdout]    --> src/backend.rs:533:13
[INFO] [stdout]     |
[INFO] [stdout] 533 |             SeriesLabelPosition::UpperRight,
[INFO] [stdout]     |             ^^^^^^^^^^^^^^^^^^^ use of undeclared type or module `SeriesLabelPosition`
[INFO] [stdout] 
[INFO] [stdout] 
[INFO] [stdout] error[E0433]: failed to resolve: use of undeclared type or module `SeriesLabelPosition`
[INFO] [stdout]    --> src/backend.rs:534:13
[INFO] [stdout]     |
[INFO] [stdout] 534 |             SeriesLabelPosition::MiddleRight,
[INFO] [stdout]     |             ^^^^^^^^^^^^^^^^^^^ use of undeclared type or module `SeriesLabelPosition`
[INFO] [stdout] 
[INFO] [stdout] 
[INFO] [stdout] error[E0433]: failed to resolve: use of undeclared type or module `SeriesLabelPosition`
[INFO] [stdout]    --> src/backend.rs:535:13
[INFO] [stdout]     |
[INFO] [stdout] 535 |             SeriesLabelPosition::LowerRight,
[INFO] [stdout]     |             ^^^^^^^^^^^^^^^^^^^ use of undeclared type or module `SeriesLabelPosition`
[INFO] [stdout] 
[INFO] [stdout] 
[INFO] [stdout] error[E0433]: failed to resolve: use of undeclared type or module `SeriesLabelPosition`
[INFO] [stdout]    --> src/backend.rs:536:13
[INFO] [stdout]     |
[INFO] [stdout] 536 |             SeriesLabelPosition::Coordinate(70, 70),
[INFO] [stdout]     |             ^^^^^^^^^^^^^^^^^^^ use of undeclared type or module `SeriesLabelPosition`
[INFO] [stdout] 
[INFO] [stdout] 
[INFO] [stdout] error[E0425]: cannot find value `BLACK` in this scope
[INFO] [stdout]    --> src/backend.rs:436:60
[INFO] [stdout]     |
[INFO] [stdout] 436 |                         root.draw(&Circle::new((x, y), 3, &BLACK.mix(0.5))).unwrap();
[INFO] [stdout]     |                                                            ^^^^^ not found in this scope
[INFO] [stdout] 
[INFO] [stdout] 
[INFO] [stdout] error[E0425]: cannot find value `RED` in this scope
[INFO] [stdout]    --> src/backend.rs:515:67
[INFO] [stdout]     |
[INFO] [stdout] 515 |             .draw_series(std::iter::once(Circle::new((5, 15), 5, &RED)))
[INFO] [stdout]     |                                                                   ^^^ not found in this scope
[INFO] [stdout] 
[INFO] [stdout] 
[INFO] [stdout] error[E0425]: cannot find value `RED` in this scope
[INFO] [stdout]    --> src/backend.rs:518:53
[INFO] [stdout]     |
[INFO] [stdout] 518 |             .legend(|(x, y)| Circle::new((x, y), 3, RED.filled()));
[INFO] [stdout]     |                                                     ^^^ not found in this scope
[INFO] [stdout] 
[INFO] [stdout] 
[INFO] [stdout] error[E0425]: cannot find value `BLUE` in this scope
[INFO] [stdout]    --> src/backend.rs:521:68
[INFO] [stdout]     |
[INFO] [stdout] 521 |             .draw_series(std::iter::once(Circle::new((5, 15), 10, &BLUE)))
[INFO] [stdout]     |                                                                    ^^^^ not found in this scope
[INFO] [stdout] 
[INFO] [stdout] 
[INFO] [stdout] error[E0425]: cannot find value `BLUE` in this scope
[INFO] [stdout]    --> src/backend.rs:524:53
[INFO] [stdout]     |
[INFO] [stdout] 524 |             .legend(|(x, y)| Circle::new((x, y), 3, BLUE.filled()));
[INFO] [stdout]     |                                                     ^^^^ not found in this scope
[INFO] [stdout] 
[INFO] [stdout] 
[INFO] [stdout] error[E0425]: cannot find value `BLACK` in this scope
[INFO] [stdout]    --> src/backend.rs:542:32
[INFO] [stdout]     |
[INFO] [stdout] 542 |                 .border_style(&BLACK.mix(0.5))
[INFO] [stdout]     |                                ^^^^^ not found in this scope
[INFO] [stdout] 
[INFO] [stdout] 
[INFO] [stdout] error[E0425]: cannot find value `BLACK` in this scope
[INFO] [stdout]    --> src/backend.rs:565:48
[INFO] [stdout]     |
[INFO] [stdout] 565 |             root.draw_pixel((50 + i, 50 + i), &BLACK.mix(alpha))
[INFO] [stdout]     |                                                ^^^^^ not found in this scope
[INFO] [stdout] 
[INFO] [stdout] 
[INFO] [stdout] error[E0599]: no method named `into_drawing_area` found for struct `backend::CairoBackend<'_>` in the current scope
[INFO] [stdout]    --> src/backend.rs:360:14
[INFO] [stdout]     |
[INFO] [stdout] 11  | pub struct CairoBackend<'a> {
[INFO] [stdout]     | --------------------------- method `into_drawing_area` not found for this
[INFO] [stdout] ...
[INFO] [stdout] 360 |             .into_drawing_area();
[INFO] [stdout]     |              ^^^^^^^^^^^^^^^^^ method not found in `backend::CairoBackend<'_>`
[INFO] [stdout] 
[INFO] [stdout] 
[INFO] [stdout] error[E0599]: no method named `into_drawing_area` found for struct `backend::CairoBackend<'_>` in the current scope
[INFO] [stdout]    --> src/backend.rs:400:14
[INFO] [stdout]     |
[INFO] [stdout] 11  | pub struct CairoBackend<'a> {
[INFO] [stdout]     | --------------------------- method `into_drawing_area` not found for this
[INFO] [stdout] ...
[INFO] [stdout] 400 |             .into_drawing_area();
[INFO] [stdout]     |              ^^^^^^^^^^^^^^^^^ method not found in `backend::CairoBackend<'_>`
[INFO] [stdout] 
[INFO] [stdout] 
[INFO] [stdout] error[E0599]: no method named `into_font` found for tuple `(&'static str, {integer})` in the current scope
[INFO] [stdout]    --> src/backend.rs:402:55
[INFO] [stdout]     |
[INFO] [stdout] 402 |             .titled("Image Title", ("sans-serif", 60).into_font())
[INFO] [stdout]     |                                                       ^^^^^^^^^ method not found in `(&'static str, {integer})`
[INFO] [stdout] 
[INFO] [stdout] 
[INFO] [stdout] error[E0599]: no method named `into_font` found for tuple `(&'static str, {integer})` in the current scope
[INFO] [stdout]    --> src/backend.rs:437:72
[INFO] [stdout]     |
[INFO] [stdout] 437 |                         let style = TextStyle::from(("sans-serif", 20).into_font())
[INFO] [stdout]     |                                                                        ^^^^^^^^^ method not found in `(&'static str, {integer})`
[INFO] [stdout] 
[INFO] [stdout] 
[INFO] [stdout] error[E0599]: no method named `into_drawing_area` found for struct `backend::CairoBackend<'_>` in the current scope
[INFO] [stdout]    --> src/backend.rs:466:14
[INFO] [stdout]     |
[INFO] [stdout] 11  | pub struct CairoBackend<'a> {
[INFO] [stdout]     | --------------------------- method `into_drawing_area` not found for this
[INFO] [stdout] ...
[INFO] [stdout] 466 |             .into_drawing_area();
[INFO] [stdout]     |              ^^^^^^^^^^^^^^^^^ method not found in `backend::CairoBackend<'_>`
[INFO] [stdout] 
[INFO] [stdout] 
[INFO] [stdout] error[E0599]: no method named `into_font` found for tuple `(&'static str, {integer})` in the current scope
[INFO] [stdout]    --> src/backend.rs:468:56
[INFO] [stdout]     |
[INFO] [stdout] 468 |         let style = TextStyle::from(("sans-serif", 20).into_font())
[INFO] [stdout]     |                                                        ^^^^^^^^^ method not found in `(&'static str, {integer})`
[INFO] [stdout] 
[INFO] [stdout] 
[INFO] [stdout] error[E0599]: no method named `into_drawing_area` found for struct `backend::CairoBackend<'_>` in the current scope
[INFO] [stdout]    --> src/backend.rs:499:14
[INFO] [stdout]     |
[INFO] [stdout] 11  | pub struct CairoBackend<'a> {
[INFO] [stdout]     | --------------------------- method `into_drawing_area` not found for this
[INFO] [stdout] ...
[INFO] [stdout] 499 |             .into_drawing_area();
[INFO] [stdout]     |              ^^^^^^^^^^^^^^^^^ method not found in `backend::CairoBackend<'_>`
[INFO] [stdout] 
[INFO] [stdout] 
[INFO] [stdout] error[E0599]: no method named `into_drawing_area` found for struct `backend::CairoBackend<'_>` in the current scope
[INFO] [stdout]    --> src/backend.rs:561:14
[INFO] [stdout]     |
[INFO] [stdout] 11  | pub struct CairoBackend<'a> {
[INFO] [stdout]     | --------------------------- method `into_drawing_area` not found for this
[INFO] [stdout] ...
[INFO] [stdout] 561 |             .into_drawing_area();
[INFO] [stdout]     |              ^^^^^^^^^^^^^^^^^ method not found in `backend::CairoBackend<'_>`
[INFO] [stdout] 
[INFO] [stdout] 
[INFO] [stdout] error: aborting due to 36 previous errors
[INFO] [stdout] 
[INFO] [stdout] 
[INFO] [stdout] Some errors have detailed explanations: E0425, E0433, E0599.
[INFO] [stdout] 
[INFO] [stdout] For more information about an error, try `rustc --explain E0425`.
[INFO] [stdout] 
[INFO] [stderr] error: could not compile `plotters-cairo`.
[INFO] [stderr] 
[INFO] [stderr] To learn more, run the command again with --verbose.
[INFO] running `Command { std: "docker" "inspect" "098c9c681624f5ef27f4851028ccbd2f8fc16c747240abb1bad01ff355700ed0", kill_on_drop: false }`
[INFO] running `Command { std: "docker" "rm" "-f" "098c9c681624f5ef27f4851028ccbd2f8fc16c747240abb1bad01ff355700ed0", kill_on_drop: false }`
[INFO] [stdout] 098c9c681624f5ef27f4851028ccbd2f8fc16c747240abb1bad01ff355700ed0
